t of 634?
6
What is the hundreds digit of 1300?
3
What is the hundreds digit of 335?
3
What is the hundreds digit of 1752?
7
What is the units digit of 59387?
7
What is the hundreds digit of 8148?
1
What is the hundreds digit of 17630?
6
What is the thousands digit of 12193?
2
What is the units digit of 4270?
0
What is the units digit of 570?
0
What is the tens digit of 17161?
6
What is the units digit of 52269?
9
What is the thousands digit of 7712?
7
What is the units digit of 5145?
5
What is the tens digit of 1581?
8
What is the tens digit of 718?
1
What is the tens digit of 1734?
3
What is the hundreds digit of 253?
2
What is the tens digit of 19712?
1
What is the units digit of 58787?
7
What is the hundred thousands digit of 107529?
1
What is the thousands digit of 1089?
1
What is the tens digit of 37800?
0
What is the tens digit of 9021?
2
What is the units digit of 1668?
8
What is the thousands digit of 1817?
1
What is the hundreds digit of 17753?
7
What is the hundreds digit of 23304?
3
What is the ten thousands digit of 14222?
1
What is the tens digit of 51675?
7
What is the hundreds digit of 39750?
7
What is the tens digit of 1663?
6
What is the hundreds digit of 927?
9
What is the units digit of 13983?
3
What is the ten thousands digit of 98302?
9
What is the ten thousands digit of 29400?
2
What is the ten thousands digit of 11526?
1
What is the hundreds digit of 632?
6
What is the hundreds digit of 812?
8
What is the tens digit of 1397?
9
What is the thousands digit of 1520?
1
What is the units digit of 43396?
6
What is the hundreds digit of 57393?
3
What is the hundreds digit of 37575?
5
What is the tens digit of 8503?
0
What is the tens digit of 40987?
8
What is the units digit of 3790?
0
What is the thousands digit of 9211?
9
What is the units digit of 15126?
6
What is the units digit of 1109?
9
What is the units digit of 59166?
6
What is the hundreds digit of 734?
7
What is the hundreds digit of 144965?
9
What is the thousands digit of 13216?
3
What is the units digit of 8947?
7
What is the tens digit of 3431?
3
What is the units digit of 921?
1
What is the tens digit of 1253?
5
What is the hundreds digit of 10487?
4
What is the thousands digit of 1593?
1
What is the tens digit of 2944?
4
What is the units digit of 19944?
4
What is the units digit of 1185?
5
What is the hundreds digit of 192?
1
What is the ten thousands digit of 40406?
4
What is the units digit of 8881?
1
What is the hundreds digit of 10010?
0
What is the tens digit of 4075?
7
What is the tens digit of 6949?
4
What is the units digit of 430?
0
What is the units digit of 991?
1
What is the hundreds digit of 1373?
3
What is the thousands digit of 32905?
2
What is the tens digit of 12704?
0
What is the ten thousands digit of 17957?
1
What is the thousands digit of 1271?
1
What is the thousands digit of 19142?
9
What is the thousands digit of 1645?
1
What is the tens digit of 176?
7
What is the tens digit of 30169?
6
What is the tens digit of 52026?
2
What is the hundreds digit of 2580?
5
What is the ten thousands digit of 27436?
2
What is the thousands digit of 12915?
2
What is the units digit of 9471?
1
What is the units digit of 27?
7
What is the tens digit of 6898?
9
What is the units digit of 6387?
7
What is the ten thousands digit of 13973?
1
What is the units digit of 3951?
1
What is the hundreds digit of 1184?
1
What is the thousands digit of 33003?
3
What is the tens digit of 9383?
8
What is the thousands digit of 80000?
0
What is the units digit of 45?
5
What is the hundreds digit of 38030?
0
What is the units digit of 5066?
6
What is the units digit of 18962?
2
What is the tens digit of 424?
2
What is the units digit of 4888?
8
What is the tens digit of 10213?
1
What is the hundreds digit of 1224?
2
What is the ten thousands digit of 63123?
6
What is the units digit of 97409?
9
What is the hundreds digit of 1105?
1
What is the hundreds digit of 92828?
8
What is the units digit of 150302?
2
What is the hundreds digit of 2493?
4
What is the units digit of 1033?
3
What is the thousands digit of 6383?
6
What is the thousands digit of 1136?
1
What is the thousands digit of 7240?
7
What is the tens digit of 2534?
3
What is the hundreds digit of 3035?
0
What is the hundreds digit of 133?
1
What is the units digit of 2998?
8
What is the tens digit of 2361?
6
What is the hundreds digit of 323?
3
What is the thousands digit of 37567?
7
What is the thousands digit of 8490?
8
What is the units digit of 1586?
6
What is the tens digit of 377?
7
What is the tens digit of 3802?
0
What is the units digit of 758?
8
What is the tens digit of 4491?
9
What is the units digit of 2905?
5
What is the hundreds digit of 258?
2
What is the ten thousands digit of 53590?
5
What is the hundreds digit of 1086?
0
What is the units digit of 1322?
2
What is the units digit of 176382?
2
What is the ten thousands digit of 60386?
6
What is the thousands digit of 30590?
0
What is the units digit of 796?
6
What is the thousands digit of 28831?
8
What is the hundreds digit of 23515?
5
What is the hundreds digit of 486?
4
What is the hundreds digit of 266?
2
What is the ten thousands digit of 11301?
1
What is the hundreds digit of 25651?
6
What is the tens digit of 2068?
6
What is the tens digit of 24146?
4
What is the tens digit of 2809?
0
What is the tens digit of 1298?
9
What is the units digit of 1197?
7
What is the units digit of 49780?
0
What is the hundreds digit of 11790?
7
What is the units digit of 876?
6
What is the thousands digit of 2940?
2
What is the hundreds digit of 2544?
5
What is the tens digit of 28825?
2
What is the thousands digit of 23257?
3
What is the hundreds digit of 1008?
0
What is the tens digit of 8240?
4
What is the thousands digit of 9724?
9
What is the tens digit of 95894?
9
What is the thousands digit of 4380?
4
What is the tens digit of 495?
9
What is the tens digit of 61?
6
What is the tens digit of 12304?
0
What is the tens digit of 1408?
0
What is the units digit of 46943?
3
What is the units digit of 3376?
6
What is the tens digit of 79?
7
What is the hundreds digit of 853?
8
What is the thousands digit of 10352?
0
What is the hundreds digit of 8300?
3
What is the hundreds digit of 592?
5
What is the hundreds digit of 227?
2
What is the thousands digit of 5240?
5
What is the thousands digit of 12379?
2
What is the tens digit of 1785?
8
What is the hundreds digit of 1493?
4
What is the ten thousands digit of 21408?
2
What is the hundreds digit of 35874?
8
What is the thousands digit of 7276?
7
What is the units digit of 289?
9
What is the tens digit of 2666?
6
What is the hundreds digit of 7668?
6
What is the thousands digit of 33412?
3
What is the thousands digit of 95831?
5
What is the units digit of 5772?
2
What is the thousands digit of 35803?
5
What is the hundreds digit of 18139?
1
What is the units digit of 3208?
8
What is the hundreds digit of 9411?
4
What is the units digit of 132?
2
What is the hundreds digit of 220?
2
What is the hundreds digit of 800?
8
What is the thousands digit of 28257?
8
What is the hundred thousands digit of 103048?
1
What is the thousands digit of 2810?
2
What is the hundreds digit of 1439?
4
What is the hundreds digit of 21360?
3
What is the tens digit of 10549?
4
What is the tens digit of 2216?
1
What is the hundreds digit of 9036?
0
What is the thousands digit of 1798?
1
What is the units digit of 74867?
7
What is the ten thousands digit of 24280?
2
What is the ten thousands digit of 14283?
1
What is the hundreds digit of 9052?
0
What is the thousands digit of 5782?
5
What is the hundreds digit of 19449?
4
What is the units digit of 2975?
5
What is the units digit of 1016?
6
What is the units digit of 257?
7
What is the hundreds digit of 545?
5
What is the thousands digit of 123023?
3
What is the tens digit of 5484?
8
What is the hundreds digit of 1344?
3
What is the units digit of 303?
3
What is the hundreds digit of 1329?
3
What is the ten thousands digit of 89131?
8
What is the hundreds digit of 336?
3
What is the tens digit of 9754?
5
What is the thousands digit of 34212?
4
What is the hundreds digit of 5418?
4
What is the hundreds digit of 257?
2
What is the thousands digit of 6358?
6
What is the tens digit o